n(5). What are the prime factors of d(j)?
5
Let t(n) = 2*n**2 + 8*n - 17. What are the prime factors of t(-8)?
47
Suppose 388 = -4*i + 6*i. List the prime factors of i.
2, 97
Let t(g) = -g + 16. Let o be t(0). What are the prime factors of 1/(-4) - (-132)/o?
2
Let z = 15 - 9. What are the prime factors of z?
2, 3
Let x be (0 + 0)/(-7 - -5). Suppose x*o + 5 = o. List the prime factors of o.
5
Let x(b) = 17*b - 10. What are the prime factors of x(4)?
2, 29
Let l be (4 + -1)/((-1)/(-5)). What are the prime factors of l/(-5) + 7 + 0?
2
Let t = 60 - 4. Suppose 0 = -5*a + 191 - t. List the prime factors of a.
3
Let c(l) = -l**3 - 3*l**2 + l + 4. What are the prime factors of c(-4)?
2
Let g(r) be the third derivative of r**4/12 - r**3/2 - 3*r**2. Let c be g(5). Let n = -2 + c. List the prime factors of n.
5
Let d(t) = -t**3 + 9*t**2 + 27*t + 14. What are the prime factors of d(11)?
3, 23
Suppose 2*p = 0, 3*t - p + 6*p = 423. List the prime factors of t.
3, 47
Let h = 0 - -2. Suppose 1 + 11 = 5*i - 3*n, 2 = h*n. What are the prime factors of i?
3
Let f be (1/(-3))/(2/(-42)). Suppose 4*w - 20 = 4*p, w = -p + 3*p + f. List the prime factors of w.
3
Suppose -6*q + 3*q + 96 = 0. What are the prime factors of q?
2
Let q be -1 + (-3 - -1)*-1. Let r = 4 + q. Suppose 0 = r*t - 4*h - 0*h - 90, -76 = -4*t + 4*h. List the prime factors of t.
2, 7
Let l = 8 - -3. Suppose 6*m - l*m = -185. List the prime factors of m.
37
Let v(z) = z**2 + 5*z - 1. Let q be v(-4). Let k(n) = n - 5. Let y be k(0). What are the prime factors of 7/q*25/y?
7
Let s be 4/10 - 308/20. Let y = -12 - s. List the prime factors of y.
3
Suppose -4*j + 9 = 3*p + 1, -2*p + 17 = 5*j. What are the prime factors of (-9)/12*(p - 0)?
3
Let r(w) be the second derivative of w**5/20 + w**4/12 + 23*w**2/2 - w. What are the prime factors of r(0)?
23
Let v = -11 + 24. Suppose 3*p = 38 + 61. Let s = p - v. What are the prime factors of s?
2, 5
List the prime factors of ((-9)/(-12) + 0)/((-1)/(-104)).
2, 3, 13
Suppose 0*g - 2*g + 46 = 0. What are the prime factors of g?
23
Let w = -122 - -136. List the prime factors of w.
2, 7
Let r(b) = 4*b - 7. Let o be r(3). Suppose 6 = -o*u + 31. List the prime factors of u.
5
Suppose 2*d - 6 = -d. Let t = 4 - d. List the prime factors of t.
2
Suppose i = 3*z - 18, 5*z + 3 = 2*i + 33. What are the prime factors of z?
2, 3
Let g be ((-24)/(-10))/((-6)/(-75)). Let i = -17 + g. What are the prime factors of i?
13
Let b = 77 + -13. What are the prime factors of b?
2
Suppose 151 = 5*s - 199. List the prime factors of s.
2, 5, 7
Let t = 14 + -5. Suppose -a + 4 = 1. Suppose -2*s - 2*s = 0, -4*s = -a*m + t. List the prime factors of m.
3
Let r = -7 + 16. Suppose 0 = 3*g + r, j = -3*g - 4 - 5. Suppose -y + 26 = 5*w - j*w, -12 = -4*w. What are the prime factors of y?
11
Suppose -590 = -4*x - 2*i, 2*i + 3*i = -25. List the prime factors of x.
2, 3, 5
What are the prime factors of -3*25/(-2 + 1)?
3, 5
Let j = 1 - 0. Let v = 0 + j. List the prime factors of 10 + v*(0 - 0).
2, 5
Let w(d) = -d**2 - 9*d + 12. Let p be w(-10). Suppose p*g = -2*g + 128. List the prime factors of g.
2
Suppose u - 18 = 24. Let v be (-4 - -1 - 0) + 7. Suppose -u = -7*x + v*x. What are the prime factors of x?
2, 7
Let k(a) be the second derivative of a**4/12 + a**3 + 11*a**2/2 - 7*a. What are the prime factors of k(-9)?
2, 19
Let u(f) be the second derivative of f**5/20 + f**4/12 + 9*f**2/2 - 2*f. Let i be u(0). What are the prime factors of (i/6)/((-6)/(-40))?
2, 5
Let y = -26 - -40. Let x be (-1 + 0 + 1)/(-2). Suppose -d - d + y = x. What are the prime factors of d?
7
Let w be (-10)/(-65) - 1582/(-26). Let h = -31 + w. List the prime factors of h.
2, 3, 5
Let c = 67 - 29. List the prime factors of c.
2, 19
Let j be ((-4)/(-7))/(18/63). Suppose 9 + 7 = 4*c. Suppose j*d = -2*x + 8, -4*x + 0 - c = -d. List the prime factors of d.
2
Suppose -3*i + 2 = 2*n - 5, 41 = 5*i - 4*n. Suppose 0*v + 4*v - 40 = 4*g, i*g + 1 = -2*v. Suppose v = a - 0. List the prime factors of a.
7
Let b(a) = -7*a**3 - a**2 - a. Let n be b(-1). List the prime factors of n/3 + (-8)/(-12).
3
Suppose 4*l - v = 2*l + 148, -2*v = l - 79. What are the prime factors of l?
3, 5
Let q = 23 + 55. Suppose 2*t + q = -t. Let s = -5 - t. List the prime factors of s.
3, 7
Suppose 3*y + t - 6*t = -4, -t - 23 = -4*y. Let x = y + 5. List the prime factors of x.
2, 3
Suppose 4*k + 0*k = 0. Suppose -5*w + 11 + 24 = k. What are the prime factors of w?
7
Suppose 0 = 5*w - 1 - 44. Suppose 5*n - 2*d - 48 = 29, 0 = n - 5*d - 20. Let j = n - w. What are the prime factors of j?
2, 3
Suppose -2*t + 75 = 5*x + 2*t, -x - 9 = -4*t. Let o = -11 + x. Suppose 4*y - 14 - 18 = o. List the prime factors of y.
2
Suppose l - 3 = -5*h - 2*l, -l + 2 = 2*h. Suppose -k - 42 = -2*i - 3*k, h*k - 15 = 0. List the prime factors of i.
2
Let l(u) = 2*u**2 + u + 9. What are the prime factors of l(-9)?
2, 3
Suppose -5*a + 76 + 149 = 0. List the prime factors of a.
3, 5
Let o be (-24)/9*(-3)/2. Suppose -o*c + 42 = 2*n, 0 = -3*n - 3*c + 109 - 34. List the prime factors of n.
29
Let u(t) = 26*t**3 + t**2 + 2*t + 1. Let l be u(-1). Let s = l + 28. List the prime factors of s.
2
Let u = 73 - 46. What are the prime factors of u?
3
Let n be (-9)/(-6)*8/12. Let l(m) = 10*m**3 + m**2 - 2*m + 1. What are the prime factors of l(n)?
2, 5
Let t(v) be the third derivative of 7*v**4/24 - 2*v**3/3 + 4*v**2. What are the prime factors of t(3)?
17
Let y(m) = -5*m - 18. What are the prime factors of y(-7)?
17
Let u = -51 + 118. Let y = 6 - 1. Suppose y*f - u = -p - 21, -5*f + 42 = -3*p. What are the prime factors of f?
3
Let z(q) = -39*q + 12. List the prime factors of z(-5).
3, 23
Suppose -4 + 7 = -u. Let f be (2/4)/((-2)/(-4)). What are the prime factors of 10/(-8)*(u - f)?
5
Let v be (-12)/78 + 1608/(-26). Let k = v - -100. What are the prime factors of k?
2, 19
Let l(y) = -10*y - 12. What are the prime factors of l(-5)?
2, 19
Let d(b) = 2*b - 20 - 7*b - b**2 + 25 + 2*b**2. What are the prime factors of d(10)?
5, 11
Suppose -2*j = 3*j - 30. Suppose -x - x = -j. What are the prime factors of x?
3
Let v(o) = -o**3 - 17*o**2 - 33*o - 9. What are the prime factors of v(-15)?
2, 3
Let f be 2/(-6)*(-93 - 0). Suppose -s + 33 = -3*j - 2*j, 3*s = -2*j + f. List the prime factors of s.
13
Suppose 4*q + 104 = 3*b, 0 = b + q - 5 - 39. Let x be 10*((-3)/(-6) - 0). Suppose -x*v + 0*v = -b. List the prime factors of v.
2
Let m(o) = o**2 - 17*o + 13. What are the prime factors of m(20)?
73
Suppose 250 = 7*a - 2*a. List the prime factors of ((-40)/a)/(2/(-75)).
2, 3, 5
Let q(j) = j - 8. Let w be q(6). Let m be (-1)/(-1)*(-1 + w). Let x = 10 + m. What are the prime factors of x?
7
Let m = 218 + -74. List the prime factors of m.
2, 3
Let o(k) = -13*k - 1. Let b be o(-1). Suppose -4*q - 15 = q. What are the prime factors of (b/18)/((-1)/q)?
2
What are the prime factors of (-3 + 4/12)*195/(-4)?
2, 5, 13
Suppose -4*v + 8 = -0. Suppose -7*y + v*y = -30. What are the prime factors of y?
2, 3
Suppose -5*g + 64 = -211. Suppose 0 = -3*k + 20 + g. Suppose i + 2*i = 4*o - k, -4*i = 2*o + 4. What are the prime factors of o?
2
Suppose 11 = b - 2*y, y + 9 = 4*b - 0*b. List the prime factors of b/5 - (-256)/20.
13
Suppose r - 125 = -4*r. Suppose -5*z = -10*z + r. What are the prime factors of z?
5
Suppose 6 = 4*w - 418. List the prime factors of w.
2, 53
Suppose 5*w = n + 7, 3*w + 13 = -4*n + 31. List the prime factors of 3/(-6) - (-13)/w.
2, 3
Suppose 5*i + u - 11 = 0, -3*i - u - 3 = -8. Let x(h) = 5*h - i*h + 2 - h**3 + h. List the prime factors of x(-2).
2
Suppose -2*k + 71 = 23. List the prime factors of k.
2, 3
Let i(p) = -p**3 - 8*p**2 + 7*p - 8. Let f be i(-9). Let u = -8 + f. Suppose -k + 17 = -w, -u*w - 33 - 45 = -4*k. List the prime factors of k.
2, 11
Let a(m) = 4*m + 40. Let g(t) = -t - 1. Let b(f) = a(f) + 3*g(f). List the prime factors of b(0).
37
Suppose 3*v = -g - 2*g + 198, -4*v = -g + 76. List the prime factors of g.
2, 17
Suppose 0 = j - 2, j + 16 = 3*m - 0*j. What are the prime factors of (-1)/((-1)/m)*2?
2, 3
Let m be 3/(-6)*(-3 - -3). Let k be m + -2 + 2/1. Let w = k + 10. What are the prime factors of w?
2, 5
Suppose -6*g = -4*g + n - 68, -3*g - 4*n + 107 = 0. What are the prime factors of g?
3, 11
Let c(d) = 